{"id":6,"date":"2024-01-09T14:56:26","date_gmt":"2024-01-09T13:56:26","guid":{"rendered":"https:\/\/comprarboletus.com\/?page_id=6"},"modified":"2024-04-26T07:59:18","modified_gmt":"2024-04-26T05:59:18","slug":"comprar-boletus","status":"publish","type":"page","link":"https:\/\/comprarboletus.com\/","title":{"rendered":"\u00bfQuieres comprar BOLETUS?"},"content":{"rendered":"\n<p><\/p>\n\n\n\n<div class=\"wp-block-cover aligncenter\"><span aria-hidden=\"true\" class=\"wp-block-cover__background has-background-dim\"><\/span><img loading=\"lazy\" decoding=\"async\" width=\"259\" height=\"194\" class=\"wp-block-cover__image-background wp-image-19\" alt=\"comprar boletus\" src=\"https:\/\/comprarboletus.com\/wp-content\/uploads\/2024\/01\/images-edited.jpg\" style=\"object-position:54% 85%\" data-object-fit=\"cover\" data-object-position=\"54% 85%\"\/><div class=\"wp-block-cover__inner-container is-layout-flow wp-block-cover-is-layout-flow\">\n<h3 class=\"wp-block-heading has-text-align-center\">Encuentra boletus a la venta<\/h3>\n\n\n\n<p><\/p>\n\n\n\n<p><\/p>\n\n\n\n<p><\/p>\n\n\n\n<p><\/p>\n\n\n\n<p><\/p>\n\n\n\n<p><\/p>\n\n\n\n<p><\/p>\n\n\n\n<div class=\"wp-block-group has-global-padding is-layout-constrained wp-block-group-is-layout-constrained\">\n<div class=\"wp-block-buttons is-content-justification-center is-layout-flex wp-container-core-buttons-layout-1 wp-block-buttons-is-layout-flex\">\n<div class=\"wp-block-button\"><a class=\"wp-block-button__link wp-element-button\" href=\"https:\/\/amzn.to\/3xTPvrM\" target=\"_blank\" rel=\"noreferrer noopener\">COMPRAR BOLETUS<\/a><\/div>\n<\/div>\n<\/div>\n<\/div><\/div>\n\n\n\n<div class=\"wp-block-buttons is-horizontal is-content-justification-center is-layout-flex wp-container-core-buttons-layout-2 wp-block-buttons-is-layout-flex\">\n<div class=\"wp-block-button\"><a class=\"wp-block-button__link wp-element-button\" href=\"https:\/\/amzn.to\/4db2wx7\" target=\"_blank\" rel=\"noreferrer noopener\">Deshidratados<\/a><\/div>\n\n\n\n<div class=\"wp-block-button\"><a class=\"wp-block-button__link wp-element-button\">Boletus Frescos<\/a><\/div>\n\n\n\n<div class=\"wp-block-button\"><a class=\"wp-block-button__link wp-element-button\" href=\"https:\/\/amzn.to\/3xTPvrM\" target=\"_blank\" rel=\"noreferrer noopener\">Boletus en Conserva<\/a><\/div>\n<\/div>\n\n\n\n<p>\u00bfQuieres comprar boletus? Pues tienes que saber que los boletus, son un manjar que suelen llegar de nuestros montes directamente a nuestras cocinas, para deleite de los comensales. <\/p>\n\n\n\n<p>Es importante concer que tipos de boletus hay, como los puedes consumir y sobre todo, si no eres aficionado al monte, donde poder comprarlos.<\/p>\n\n\n\n<p>Te invito a tener una experiencia exquisita, y comparar los mejores boletus para deleite de tus amigos, comensales, familiares o quienes tu quieras.<\/p>\n\n\n\n<h2 class=\"wp-block-heading\">\u00bfQu\u00e9 tipo de boletus puedes comprar?<\/h2>\n\n\n\n<p>En general, la compra de boletus (u hongos como los llaman por algunas partes) o de cualquier tipo de setas, podr\u00e1s hacerla de dos maneras: <strong>Frescos<\/strong> o <strong>procesados<\/strong> de alguna manera, para conservarlos durante una largo periodo de tiempo:<\/p>\n\n\n\n<h3 class=\"wp-block-heading\">BOLETUS FRESCOS<\/h3>\n\n\n\n<p>El principal h\u00e1ndicap con el hongo o boletus fresco, es que es un producto de temporada, que nace de manera silvestre, y que est\u00e1 condicionado al clima, a la zona geogr\u00e1fica y otros aspectos poco controlables por el hombre a d\u00eda de hoy.<\/p>\n\n\n\n<p>Normalmente su comercializaci\u00f3n est\u00e1 realizada por peque\u00f1os comerciantes locales, en aquellas zonas con amplia tradici\u00f3n y producci\u00f3n natural, o a empresas especializadas que concentran la compra de peque\u00f1os recolectores.<\/p>\n\n\n\n<p><\/p>\n\n\n\n<h3 class=\"wp-block-heading\">BOLETUS CONSERVADOS<\/h3>\n\n\n\n<p><\/p>\n","protected":false},"excerpt":{"rendered":"<p>\u00bfQuieres comprar boletus? Pues tienes que saber que los boletus, son un manjar que suelen llegar de nuestros montes directamente a nuestras cocinas, para deleite de los comensales. Es importante concer que tipos de boletus hay, como los puedes consumir y sobre todo, si no eres aficionado al monte, donde poder comprarlos. Te invito a [&hellip;]<\/p>\n","protected":false},"author":1,"featured_media":0,"parent":0,"menu_order":0,"comment_status":"closed","ping_status":"closed","template":"","meta":{"footnotes":""},"yoast_head":"<!-- This site is optimized with the Yoast SEO plugin v21.9.1 - https:\/\/yoast.com\/wordpress\/plugins\/seo\/ -->\n<title>\u00bfQuieres comprar BOLETUS? - COMPRAR BOLETUS<\/title>\n<meta name=\"description\" content=\"\u00bfQuieres comprar boletus? Aqu\u00ed podr\u00e1s comprar ceps, encontraras a la venta boletus online y otras cosas relacionadas con boletus\" \/>\n<meta name=\"robots\" content=\"index, follow, max-snippet:-1, max-image-preview:large, max-video-preview:-1\" \/>\n<link rel=\"canonical\" href=\"https:\/\/comprarboletus.com\/\" \/>\n<meta property=\"og:locale\" content=\"es_ES\" \/>\n<meta property=\"og:type\" content=\"article\" \/>\n<meta property=\"og:title\" content=\"\u00bfQuieres comprar BOLETUS? - COMPRAR BOLETUS\" \/>\n<meta property=\"og:description\" content=\"\u00bfQuieres comprar boletus? Aqu\u00ed podr\u00e1s comprar ceps, encontraras a la venta boletus online y otras cosas relacionadas con boletus\" \/>\n<meta property=\"og:url\" content=\"https:\/\/comprarboletus.com\/\" \/>\n<meta property=\"og:site_name\" content=\"COMPRAR BOLETUS\" \/>\n<meta property=\"article:modified_time\" content=\"2024-04-26T05:59:18+00:00\" \/>\n<meta property=\"og:image\" content=\"https:\/\/comprarboletus.com\/wp-content\/uploads\/2024\/01\/images-edited.jpg\" \/>\n<meta name=\"twitter:card\" content=\"summary_large_image\" \/>\n<meta name=\"twitter:label1\" content=\"Tiempo de lectura\" \/>\n\t<meta name=\"twitter:data1\" content=\"2 minutos\" \/>\n<script type=\"application\/ld+json\" class=\"yoast-schema-graph\">{\"@context\":\"https:\/\/schema.org\",\"@graph\":[{\"@type\":\"WebPage\",\"@id\":\"https:\/\/comprarboletus.com\/\",\"url\":\"https:\/\/comprarboletus.com\/\",\"name\":\"\u00bfQuieres comprar BOLETUS? - COMPRAR BOLETUS\",\"isPartOf\":{\"@id\":\"https:\/\/comprarboletus.com\/#website\"},\"datePublished\":\"2024-01-09T13:56:26+00:00\",\"dateModified\":\"2024-04-26T05:59:18+00:00\",\"description\":\"\u00bfQuieres comprar boletus? Aqu\u00ed podr\u00e1s comprar ceps, encontraras a la venta boletus online y otras cosas relacionadas con boletus\",\"breadcrumb\":{\"@id\":\"https:\/\/comprarboletus.com\/#breadcrumb\"},\"inLanguage\":\"es\",\"potentialAction\":[{\"@type\":\"ReadAction\",\"target\":[\"https:\/\/comprarboletus.com\/\"]}]},{\"@type\":\"BreadcrumbList\",\"@id\":\"https:\/\/comprarboletus.com\/#breadcrumb\",\"itemListElement\":[{\"@type\":\"ListItem\",\"position\":1,\"name\":\"Portada\",\"item\":\"https:\/\/comprarboletus.com\/\"},{\"@type\":\"ListItem\",\"position\":2,\"name\":\"\u00bfQuieres comprar BOLETUS?\"}]},{\"@type\":\"WebSite\",\"@id\":\"https:\/\/comprarboletus.com\/#website\",\"url\":\"https:\/\/comprarboletus.com\/\",\"name\":\"COMPRAR BOLETUS\",\"description\":\"Compra todo tipo de boletus, con la garantia y calidad que necesitas\",\"potentialAction\":[{\"@type\":\"SearchAction\",\"target\":{\"@type\":\"EntryPoint\",\"urlTemplate\":\"https:\/\/comprarboletus.com\/?s={search_term_string}\"},\"query-input\":\"required name=search_term_string\"}],\"inLanguage\":\"es\"}]}<\/script>\n<!-- \/ Yoast SEO plugin. -->","yoast_head_json":{"title":"\u00bfQuieres comprar BOLETUS? - COMPRAR BOLETUS","description":"\u00bfQuieres comprar boletus? Aqu\u00ed podr\u00e1s comprar ceps, encontraras a la venta boletus online y otras cosas relacionadas con boletus","robots":{"index":"index","follow":"follow","max-snippet":"max-snippet:-1","max-image-preview":"max-image-preview:large","max-video-preview":"max-video-preview:-1"},"canonical":"https:\/\/comprarboletus.com\/","og_locale":"es_ES","og_type":"article","og_title":"\u00bfQuieres comprar BOLETUS? - COMPRAR BOLETUS","og_description":"\u00bfQuieres comprar boletus? Aqu\u00ed podr\u00e1s comprar ceps, encontraras a la venta boletus online y otras cosas relacionadas con boletus","og_url":"https:\/\/comprarboletus.com\/","og_site_name":"COMPRAR BOLETUS","article_modified_time":"2024-04-26T05:59:18+00:00","og_image":[{"url":"https:\/\/comprarboletus.com\/wp-content\/uploads\/2024\/01\/images-edited.jpg"}],"twitter_card":"summary_large_image","twitter_misc":{"Tiempo de lectura":"2 minutos"},"schema":{"@context":"https:\/\/schema.org","@graph":[{"@type":"WebPage","@id":"https:\/\/comprarboletus.com\/","url":"https:\/\/comprarboletus.com\/","name":"\u00bfQuieres comprar BOLETUS? - COMPRAR BOLETUS","isPartOf":{"@id":"https:\/\/comprarboletus.com\/#website"},"datePublished":"2024-01-09T13:56:26+00:00","dateModified":"2024-04-26T05:59:18+00:00","description":"\u00bfQuieres comprar boletus? Aqu\u00ed podr\u00e1s comprar ceps, encontraras a la venta boletus online y otras cosas relacionadas con boletus","breadcrumb":{"@id":"https:\/\/comprarboletus.com\/#breadcrumb"},"inLanguage":"es","potentialAction":[{"@type":"ReadAction","target":["https:\/\/comprarboletus.com\/"]}]},{"@type":"BreadcrumbList","@id":"https:\/\/comprarboletus.com\/#breadcrumb","itemListElement":[{"@type":"ListItem","position":1,"name":"Portada","item":"https:\/\/comprarboletus.com\/"},{"@type":"ListItem","position":2,"name":"\u00bfQuieres comprar BOLETUS?"}]},{"@type":"WebSite","@id":"https:\/\/comprarboletus.com\/#website","url":"https:\/\/comprarboletus.com\/","name":"COMPRAR BOLETUS","description":"Compra todo tipo de boletus, con la garantia y calidad que necesitas","potentialAction":[{"@type":"SearchAction","target":{"@type":"EntryPoint","urlTemplate":"https:\/\/comprarboletus.com\/?s={search_term_string}"},"query-input":"required name=search_term_string"}],"inLanguage":"es"}]}},"_links":{"self":[{"href":"https:\/\/comprarboletus.com\/index.php\/wp-json\/wp\/v2\/pages\/6"}],"collection":[{"href":"https:\/\/comprarboletus.com\/index.php\/wp-json\/wp\/v2\/pages"}],"about":[{"href":"https:\/\/comprarboletus.com\/index.php\/wp-json\/wp\/v2\/types\/page"}],"author":[{"embeddable":true,"href":"https:\/\/comprarboletus.com\/index.php\/wp-json\/wp\/v2\/users\/1"}],"replies":[{"embeddable":true,"href":"https:\/\/comprarboletus.com\/index.php\/wp-json\/wp\/v2\/comments?post=6"}],"version-history":[{"count":7,"href":"https:\/\/comprarboletus.com\/index.php\/wp-json\/wp\/v2\/pages\/6\/revisions"}],"predecessor-version":[{"id":36,"href":"https:\/\/comprarboletus.com\/index.php\/wp-json\/wp\/v2\/pages\/6\/revisions\/36"}],"wp:attachment":[{"href":"https:\/\/comprarboletus.com\/index.php\/wp-json\/wp\/v2\/media?parent=6"}],"curies":[{"name":"wp","href":"https:\/\/api.w.org\/{rel}","templated":true}]}}